{"id":92,"date":"2015-04-29T11:04:21","date_gmt":"2015-04-29T11:04:21","guid":{"rendered":"http:\/\/172.17.240.61\/?page_id=92"},"modified":"2024-12-23T10:25:19","modified_gmt":"2024-12-23T09:25:19","slug":"ligje","status":"publish","type":"page","link":"https:\/\/atrako.gov.al\/?page_id=92","title":{"rendered":"Ligje"},"content":{"rendered":"[vc_row][vc_column][vc_column_text]<span style=\"font-size: 14pt;\"><strong><span style=\"color: #000000;\">P\u00ebr koncesionet<\/span><\/strong><\/span><\/p>\n<ul>\n<li style=\"text-align: justify;\"><a href=\"http:\/\/atrako.gov.al\/wp-content\/uploads\/2021\/11\/Ligji-Nr-125_2013-i-azhornuar-me-50_2019.pdf\">Ligji nr. 125\/2013 &#8220;P\u00ebr Koncesionet dhe Partneritetin Publik Privat, i ndryshuar me Ligjin nr. 88\/2014,\u00a0 77\/2015 dhe 50\/2019.<\/a><br \/>\n<hr \/>\n<\/li>\n<li style=\"text-align: justify;\"><a href=\"http:\/\/172.17.240.61\/wp-content\/uploads\/2015\/05\/Ligj_125.pdf\">Ligji nr. 125\/2013 &#8220;P\u00ebr Koncesionet dhe Partneritetin Publik Privat.<\/a><br \/>\n<hr \/>\n<\/li>\n<li style=\"text-align: justify;\"><a href=\"http:\/\/172.17.240.61\/wp-content\/uploads\/2015\/05\/Ligj9663-ndryshuar.pdf\">Ligji nr. 9663, dat\u00eb 18.12.2006 &#8220;P\u00ebr koncesionet&#8221; i ndryshuar me Ligjin nr. 9995, dat\u00eb 22.09.2008, Ligjin nr.10137, dat\u00eb 11.05.2009, Ligjin nr.10157 dat\u00eb 15.10.2009 dhe Ligjin nr.10281 dat\u00eb 20.5.2010&#8243;<\/a><br \/>\n<hr \/>\n<\/li>\n<li style=\"text-align: justify;\"><a href=\"http:\/\/172.17.240.61\/wp-content\/uploads\/2015\/05\/ligji-9663.pdf\">Ligji nr. 9663, dat\u00eb 18.12.2006 &#8220;P\u00ebr Koncesionet&#8221;<\/a><\/li>\n<li><a href=\"http:\/\/atrako.gov.al\/wp-content\/uploads\/2024\/12\/Ligji-Nr.-125-2013-P\u00ebr-Koncesionet-dhe-Partneritetin-Publik-Privat-i-p\u00ebrdit\u00ebsuar-me-Ligjin-Nr.-28-2024-dat\u00eb-4.4.2024.pdf\">Ligji Nr. 125\/2013 &#8220;P\u00ebr Koncesionet dhe Partneritetin Publik Privat&#8221; i p\u00ebrdit\u00ebsuar me ligjet: Nr. 88\/2014, dat\u00eb 17.7.2014; Nr. 77\/2015, dat\u00eb 16.7.2015; Nr. 50\/20191, dat\u00eb 18.7.2019; Nr. 28\/2024, dat\u00eb 4.4.2024<\/a><\/li>\n<\/ul>\n<p><span style=\"font-size: 14pt;\"><strong><span style=\"color: #000000;\">P\u00ebr prokurimin publik<\/span><\/strong><\/span><\/p>\n<ul>\n<li style=\"text-align: justify;\"><a href=\"https:\/\/app.gov.al\/ep\/DF_DocumentViewer.aspx?id=3a7cee03-13b1-49ab-b40e-80bba05f3bea\">LIGJI NR. 9643, DAT\u00cb 20.11.2006, NDRYSHUAR ME LIGJIN NR. 9800, DAT\u00cb 10.09.2007, LIGJIN NR. 9855, DAT\u00cb 26.12.2007, LIGJIN NR. 10170, DAT\u00cb 22.10.2009, LIGJIN NR. 10309, DAT\u00cb 22.07.2010, LIGJIN NR. 22\/2012, LIGJIN NR. 131\/2012, DHE LIGJIN NR. 182\/2014 &#8220;P\u00cbR PROKURIMIN PUBLIK&#8221;<\/a><br \/>\n<hr \/>\n<\/li>\n<li id=\"ctl00_ContentPane_HtmlViewer1\" style=\"text-align: justify;\"><a href=\"https:\/\/app.gov.al\/ep\/DF_DocumentViewer.aspx?id=cf6c5367-b397-420d-9656-bfd29ea38a58\">LIGJI NR. 182\/2014, P\u00cbR DISA NDRYSHIME DHE SHTESA N\u00cb LIGJIN NR. 9643, DAT\u00cb 20.11.2006, &#8220;P\u00cbR PROKURIMIN PUBLIK&#8221;, T\u00cb NDRYSHUAR&#8221;<\/a><br \/>\n<hr \/>\n<\/li>\n<li style=\"text-align: justify;\"><a href=\"https:\/\/app.gov.al\/ep\/DF_DocumentViewer.aspx?id=f0dc1f6e-3577-4027-a469-4b4f41533bea\">LIGJI NR. 9643, DAT\u00cb 20.11.2006, NDRYSHUAR ME LIGJIN NR. 9800 DAT\u00cb 10.09.2007, LIGJIN NR. 9855 DAT\u00cb 26.12.2007, LIGJIN NR. 10170, DAT\u00cb 22.10.2009, LIGJIN NR. 10309, DAT\u00cb 22.07.2010 DHE LIGJIN NR. 131\/2012 &#8220;P\u00cbR PROKURIMIN PUBLIK&#8221; (KY \u00cbSHT\u00cb NJ\u00cb VARIANT I PUNUAR NGA APP P\u00cbR T&#8217;IU ARDHUR N\u00cb NDIHM\u00cb N\u00cb PUN\u00cbN TUAJ)<\/a><br \/>\n<hr \/>\n<\/li>\n<li style=\"text-align: justify;\"><a href=\"https:\/\/app.gov.al\/ep\/DF_DocumentViewer.aspx?id=5ebea4ef-fa37-438c-beda-0264476c8600\">LIGJI NR. 131\/2012, P\u0401R DISA NDRYSHIME DHE SHTESA N\u0401 LIGJIN NR. 9643, DAT\u00cb 20.11.2006 &#8220;P\u0401R PROKURIMIN PUBLIK&#8221;,T\u00cb NDRYSHUAR&#8221;<\/a><br \/>\n<hr \/>\n<\/li>\n<li style=\"text-align: justify;\"><a href=\"https:\/\/app.gov.al\/ep\/DF_DocumentViewer.aspx?id=acc8e9df-e0c9-4414-8d40-0955ad020809\">LIGJI NR. 9643, DAT\u00cb 20.11.2006, NDRYSHUAR ME LIGJIN NR. 9800 DAT\u00cb 10.09.2007, LIGJIN NR. 9855 DAT\u00cb 26.12.2007, LIGJIN NR. 10170,<\/a><br \/>\n<hr \/>\n<\/li>\n<li style=\"text-align: justify;\"><a href=\"https:\/\/app.gov.al\/ep\/DF_DocumentViewer.aspx?id=acc8e9df-e0c9-4414-8d40-0955ad020809\">DAT\u00cb 22.10.2009 DHE LIGJIN NR. 10309, DAT\u00cb 22.07.2010 &#8220;P\u00cbR PROKURIMIN PUBLIK&#8221;<\/a> <a href=\"https:\/\/app.gov.al\/ep\/DF_DocumentViewer.aspx?id=15b84837-e3b1-4fe6-b5a6-5af24d90b97b\">LIGJI NR. 9643, DAT\u00cb 20.11.2006, NDRYSHUAR ME<\/a>\u00a0<a href=\"https:\/\/app.gov.al\/ep\/DF_DocumentViewer.aspx?id=15b84837-e3b1-4fe6-b5a6-5af24d90b97b\">LIGJIN NR. 9800 DAT\u00cb 10.09.2007, LIGJIN NR. 9855 DAT\u00cb 26.12.2007, DHE LIGJIN NR. 10170, DAT\u00cb 22.10.2009 &#8220;P\u00cbR PROKURIMIN PUBLIK&#8221;<\/a><br \/>\n<hr \/>\n<\/li>\n<li style=\"text-align: justify;\"><a href=\"https:\/\/app.gov.al\/ep\/DF_DocumentViewer.aspx?id=682bb948-7bef-40af-b6f3-b195dcae7d82\">LIGJI NR. 10170, DATE 22.10.2009, P\u00cbR DISA SHTESA DHE NDRYSHIME N\u00cb LIGJIN NR 9643, DAT\u00cb 20.11.2006 &#8220;P\u00cbR PROKURIMIN PUBLIK&#8221;, T\u00cb NDRYSHUAR<\/a><br \/>\n<hr \/>\n<\/li>\n<li style=\"text-align: justify;\"><a href=\"https:\/\/app.gov.al\/ep\/DF_DocumentViewer.aspx?id=8b12ad5e-cf24-48bb-83de-8ff25dc35799\">LIGJI NR. 9643, DAT\u00cb 20.11.2006, NDRYSHUAR ME LIGJIN NR. 9800 DAT\u00cb 10.09.2007, DHE LIGJIN NR. 9855 DAT\u00cb 26.12.2007<\/a><br \/>\n<hr \/>\n<\/li>\n<li style=\"text-align: justify;\"><a href=\"https:\/\/app.gov.al\/ep\/DF_DocumentViewer.aspx?id=935c4660-ed82-4f43-85f6-0aa095ae324c\">LIGJI NR. 9855, DATE 26.12.2007, P\u00cbR DISA SHTESA DHE NDRYSHIME N\u00cb LIGJIN NR. 9643, DAT\u00cb 20.11.200\u00a0&#8220;P\u00cbR PROKURIMIN PUBLIK&#8221;<\/a><br \/>\n<hr \/>\n<\/li>\n<li style=\"text-align: justify;\"><a href=\"https:\/\/app.gov.al\/ep\/DF_DocumentViewer.aspx?id=1fab8ee0-925c-4f30-9a18-bc52bbff45b3\">LIGJI NR. 9800, DATE 10.09.2007, P\u00cbR DISA NDRYSHIME DHE SHTESA N\u00cb LIGJIN NR. 9643, DAT\u00cb 20.11.2006, &#8220;P\u00cbR PROKURIMIN PUBLIK&#8221;<\/a><br \/>\n<hr \/>\n<\/li>\n<li style=\"text-align: justify;\"><a href=\"https:\/\/app.gov.al\/ep\/DF_DocumentViewer.aspx?id=295a0474-2d89-4927-b96f-028cc7052c2d\">LIGJI NR. 9643, DATE 20.11.2006, &#8220;P\u00cbR PROKURIMIN PUBLIK&#8221;<\/a><\/li>\n<\/ul>\n[\/vc_column_text][\/vc_column][\/vc_row]\n","protected":false},"excerpt":{"rendered":"<p>[vc_row][vc_column][vc_column_text]P\u00ebr koncesionet Ligji nr. 125\/2013 &#8220;P\u00ebr Koncesionet dhe Partneritetin Publik Privat, i ndryshuar me Ligjin nr. 88\/2014,\u00a0 77\/2015 dhe 50\/2019. Ligji nr. 125\/2013 &#8220;P\u00ebr Koncesionet dhe Partneritetin Publik Privat. Ligji nr. 9663, dat\u00eb 18.12.2006 &#8220;P\u00ebr koncesionet&#8221; i ndryshuar me Ligjin nr. 9995, dat\u00eb 22.09.2008, Ligjin nr.10137, dat\u00eb 11.05.2009, Ligjin nr.10157 dat\u00eb 15.10.2009 dhe Ligjin nr.10281 &hellip;<\/p>\n","protected":false},"author":1,"featured_media":0,"parent":0,"menu_order":0,"comment_status":"closed","ping_status":"closed","template":"","meta":{"footnotes":""},"class_list":["post-92","page","type-page","status-publish",""],"_links":{"self":[{"href":"https:\/\/atrako.gov.al\/index.php?rest_route=\/wp\/v2\/pages\/92","targetHints":{"allow":["GET"]}}],"collection":[{"href":"https:\/\/atrako.gov.al\/index.php?rest_route=\/wp\/v2\/pages"}],"about":[{"href":"https:\/\/atrako.gov.al\/index.php?rest_route=\/wp\/v2\/types\/page"}],"author":[{"embeddable":true,"href":"https:\/\/atrako.gov.al\/index.php?rest_route=\/wp\/v2\/users\/1"}],"replies":[{"embeddable":true,"href":"https:\/\/atrako.gov.al\/index.php?rest_route=%2Fwp%2Fv2%2Fcomments&post=92"}],"version-history":[{"count":49,"href":"https:\/\/atrako.gov.al\/index.php?rest_route=\/wp\/v2\/pages\/92\/revisions"}],"predecessor-version":[{"id":1498,"href":"https:\/\/atrako.gov.al\/index.php?rest_route=\/wp\/v2\/pages\/92\/revisions\/1498"}],"wp:attachment":[{"href":"https:\/\/atrako.gov.al\/index.php?rest_route=%2Fwp%2Fv2%2Fmedia&parent=92"}],"curies":[{"name":"wp","href":"https:\/\/api.w.org\/{rel}","templated":true}]}}